{"id":9,"date":"2023-12-26T14:56:53","date_gmt":"2023-12-26T13:56:53","guid":{"rendered":"https:\/\/wn.umg.edu.pl\/nawigator\/?page_id=9"},"modified":"2025-11-18T18:03:06","modified_gmt":"2025-11-18T17:03:06","slug":"strona-glowna","status":"publish","type":"page","link":"https:\/\/wn.umg.edu.pl\/nawigator\/","title":{"rendered":"Strona g\u0142\u00f3wna"},"content":{"rendered":"\n<div class=\"wp-block-uagb-container uagb-block-intahuoi alignfull uagb-is-root-container\">\n<div class=\"wp-block-uagb-container uagb-block-gl33qfjs\">\n<div class=\"wp-block-columns is-layout-flex wp-container-core-columns-is-layout-12ca2eb4 wp-block-columns-is-layout-flex\" style=\"padding-right:0px;padding-left:0px\">\n<div class=\"wp-block-column is-layout-flow wp-block-column-is-layout-flow\" style=\"flex-basis:100%\">\n<div class=\"wp-block-group alignwide is-nowrap is-layout-flex wp-container-core-group-is-layout-46a881dd wp-block-group-is-layout-flex\" style=\"margin-top:var(--wp--preset--spacing--50);margin-bottom:var(--wp--preset--spacing--50);padding-left:0px\">\n<div class=\"wp-block-columns alignwide are-vertically-aligned-center is-layout-flex wp-container-core-columns-is-layout-28f84493 wp-block-columns-is-layout-flex\">\n<div class=\"wp-block-column is-vertically-aligned-center is-layout-flow wp-block-column-is-layout-flow\" style=\"flex-basis:100%\">\n<div class=\"wp-block-columns is-layout-flex wp-container-core-columns-is-layout-a5331a9e wp-block-columns-is-layout-flex\" style=\"padding-top:0;padding-right:0;padding-bottom:0;padding-left:0\">\n<div class=\"wp-block-column is-layout-flow wp-block-column-is-layout-flow\" style=\"padding-right:0;padding-left:0;flex-basis:140%\">\n<div class=\"wp-block-uagb-info-box uagb-block-5xjvgwnl uagb-infobox__content-wrap  uagb-infobox-icon-above-title uagb-infobox-image-valign-top\"><div class=\"uagb-ifb-content\"><div class=\"uagb-ifb-title-wrap\"><h1 class=\"uagb-ifb-title\">Ko\u0142o naukowe Nawigator<\/h1><\/div><p class=\"uagb-ifb-desc\">To studencka organizacja dzia\u0142aj\u0105ca na Wydziale Nawigacyjnym Uniwersytetu Morskiego w Gdyni. <br>Jest to zesp\u00f3\u0142 pasjonat\u00f3w nawigacji morskiej, skupionych na \u0142\u0105czeniu teorii z praktyk\u0105 poprzez realizacj\u0119 r\u00f3\u017cnorodnych projekt\u00f3w.<\/p><\/div><\/div>\n<\/div>\n<\/div>\n<\/div>\n<\/div>\n<\/div>\n<\/div>\n<\/div>\n\n\n\n<div class=\"wp-block-group is-layout-constrained wp-block-group-is-layout-constrained\">\n<div class=\"wp-block-uagb-buttons uagb-buttons__outer-wrap uagb-btn__default-btn uagb-btn-tablet__default-btn uagb-btn-mobile__default-btn uagb-block-lwjf2w7o\"><div class=\"uagb-buttons__wrap uagb-buttons-layout-wrap\">\n<div class=\"wp-block-uagb-buttons-child uagb-buttons__outer-wrap uagb-block-qkq1wzlj wp-block-button\"><div class=\"uagb-button__wrapper\"><a class=\"uagb-buttons-repeater wp-block-button__link\" href=\"https:\/\/wn.umg.edu.pl\/nawigator\/dzialalnosc\/\" onclick=\"return true;\" rel=\"follow noopener\" target=\"_self\"><div class=\"uagb-button__link\">Zobacz nasz\u0105 dzia\u0142alno\u015b\u0107!<\/div><\/a><\/div><\/div>\n<\/div><\/div>\n<\/div>\n<\/div>\n<\/div>\n\n\n\n<div class=\"wp-block-uagb-container uagb-block-0fpnmxyt alignfull uagb-is-root-container\"><div class=\"uagb-container-inner-blocks-wrap\">\n<div class=\"wp-block-uagb-container uagb-block-npr3l8sz\">\n<div class=\"wp-block-uagb-image alignleft uagb-block-17zdejtn wp-block-uagb-image--layout-default wp-block-uagb-image--effect-static wp-block-uagb-image--align-left\"><figure class=\"wp-block-uagb-image__figure\"><img loading=\"lazy\" decoding=\"async\" srcset=\"https:\/\/wn.umg.edu.pl\/nawigator\/wp-content\/uploads\/2023\/12\/277959990_508541237649728_2387420197683807722_n-1-1024x683.jpg ,https:\/\/wn.umg.edu.pl\/nawigator\/wp-content\/uploads\/2023\/12\/277959990_508541237649728_2387420197683807722_n-1-scaled.jpg 780w, https:\/\/wn.umg.edu.pl\/nawigator\/wp-content\/uploads\/2023\/12\/277959990_508541237649728_2387420197683807722_n-1-scaled.jpg 360w\" sizes=\"auto, (max-width: 480px) 150px\" src=\"https:\/\/wn.umg.edu.pl\/nawigator\/wp-content\/uploads\/2023\/12\/277959990_508541237649728_2387420197683807722_n-1-1024x683.jpg\" alt=\"\" class=\"uag-image-253\" width=\"564\" height=\"423\" title=\"\" loading=\"lazy\"\/><\/figure><\/div>\n<\/div>\n\n\n\n<div class=\"wp-block-uagb-container uagb-block-nmx7nxo3\">\n<div class=\"wp-block-uagb-info-box uagb-block-skihnduj uagb-infobox__content-wrap  uagb-infobox-icon-above-title uagb-infobox-image-valign-top\"><div class=\"uagb-ifb-content\"><div class=\"uagb-ifb-title-wrap\"><h3 class=\"uagb-ifb-title\">O nas<\/h3><\/div><p class=\"uagb-ifb-desc\">Cz\u0142onkowie Ko\u0142a anga\u017cuj\u0105 si\u0119 w inicjatywy obejmuj\u0105ce szerokie spektrum dziedzin zwi\u0105zanych z nawigacj\u0105 morsk\u0105.<br>Projekty te obejmuj\u0105 m.in. tworzenie map nawigacyjnych, budow\u0119 autonomicznych modeli statk\u00f3w, rozwijanie system\u00f3w informowania o warunkach meteorologicznych w portach czy obs\u0142ug\u0119 pokaz\u00f3w astronomicznych w planetarium.<\/p><\/div><\/div>\n\n\n\n<div class=\"wp-block-uagb-buttons uagb-buttons__outer-wrap uagb-btn__default-btn uagb-btn-tablet__default-btn uagb-btn-mobile__default-btn uagb-block-ce6ojucq\"><div class=\"uagb-buttons__wrap uagb-buttons-layout-wrap\">\n<div class=\"wp-block-uagb-buttons-child uagb-buttons__outer-wrap uagb-block-p8psgmcw wp-block-button\"><div class=\"uagb-button__wrapper\"><a class=\"uagb-buttons-repeater wp-block-button__link\" href=\"https:\/\/wn.umg.edu.pl\/nawigator\/aktualnosci\/\" onclick=\"return true;\" rel=\"follow noopener\" target=\"_self\"><div class=\"uagb-button__link\">Zobacz nasz\u0105 bie\u017c\u0105c\u0105 aktywno\u015b\u0107!<\/div><\/a><\/div><\/div>\n<\/div><\/div>\n<\/div>\n<\/div><\/div>\n\n\n\n<div class=\"wp-block-uagb-container uagb-block-ligp35qx alignfull uagb-is-root-container\"><div class=\"uagb-container-inner-blocks-wrap\">\n<div class=\"wp-block-uagb-info-box uagb-block-zxfp9eb9 uagb-infobox__content-wrap  uagb-infobox-icon-above-title uagb-infobox-image-valign-top\"><div class=\"uagb-ifb-content\"><div class=\"uagb-ifb-title-wrap\"><h2 class=\"uagb-ifb-title\">Nasze projekty<\/h2><\/div><p class=\"uagb-ifb-desc\">Odkryj \u015awiat Nawigacji z Ko\u0142em Naukowym Nawigator!<\/p><\/div><\/div>\n\n\n\n<div class=\"wp-block-uagb-container uagb-block-bbi8evru\">\n<div class=\"wp-block-uagb-container uagb-block-ubftffju\">\n<div class=\"wp-block-uagb-image alignleft uagb-block-0qkk8tb1 wp-block-uagb-image--layout-default wp-block-uagb-image--effect-static wp-block-uagb-image--align-left\"><figure class=\"wp-block-uagb-image__figure\"><img loading=\"lazy\" decoding=\"async\" srcset=\"https:\/\/wn.umg.edu.pl\/nawigator\/wp-content\/uploads\/2023\/12\/PXL_20230909_153128434-1-1024x771.jpg ,https:\/\/wn.umg.edu.pl\/nawigator\/wp-content\/uploads\/2023\/12\/PXL_20230909_153128434-1-scaled.jpg 780w, https:\/\/wn.umg.edu.pl\/nawigator\/wp-content\/uploads\/2023\/12\/PXL_20230909_153128434-1-scaled.jpg 360w\" sizes=\"auto, (max-width: 480px) 150px\" src=\"https:\/\/wn.umg.edu.pl\/nawigator\/wp-content\/uploads\/2023\/12\/PXL_20230909_153128434-1-1024x771.jpg\" alt=\"\" class=\"uag-image-254\" width=\"384\" height=\"288\" title=\"\" loading=\"lazy\"\/><\/figure><\/div>\n\n\n\n<div class=\"wp-block-uagb-container uagb-block-ndstr6nn\">\n<div class=\"wp-block-uagb-info-box uagb-block-8dvthnfn uagb-infobox__content-wrap  uagb-infobox-icon-above-title uagb-infobox-image-valign-top\"><div class=\"uagb-ifb-content\"><div class=\"uagb-ifb-title-wrap\"><h4 class=\"uagb-ifb-title\">Equator Challenger<\/h4><\/div><p class=\"uagb-ifb-desc\"><em>Budujemy autonomiczny model statku &#8211;<\/em><br><em>od druku 3D, przez elektronik\u0119, po programowanie.<\/em><\/p><\/div><\/div>\n\n\n\n<div class=\"wp-block-uagb-buttons uagb-buttons__outer-wrap uagb-btn__default-btn uagb-btn-tablet__default-btn uagb-btn-mobile__default-btn uagb-block-nfn6ytah\"><div class=\"uagb-buttons__wrap uagb-buttons-layout-wrap\">\n<div class=\"wp-block-uagb-buttons-child uagb-buttons__outer-wrap uagb-block-ifxptckm wp-block-button\"><div class=\"uagb-button__wrapper\"><a class=\"uagb-buttons-repeater wp-block-button__link\" href=\"https:\/\/wn.umg.edu.pl\/nawigator\/dzialalnosc\/\" onclick=\"return true;\" rel=\"follow noopener\" target=\"_self\"><div class=\"uagb-button__link\">Dowiedz si\u0119 wi\u0119cej<\/div><span class=\"uagb-button__icon uagb-button__icon-position-after\"><svg xmlns=\"https:\/\/www.w3.org\/2000\/svg\" viewBox=\"0 0 320 512\"><path d=\"M96 480c-8.188 0-16.38-3.125-22.62-9.375c-12.5-12.5-12.5-32.75 0-45.25L242.8 256L73.38 86.63c-12.5-12.5-12.5-32.75 0-45.25s32.75-12.5 45.25 0l192 192c12.5 12.5 12.5 32.75 0 45.25l-192 192C112.4 476.9 104.2 480 96 480z\"><\/path><\/svg><\/span><\/a><\/div><\/div>\n<\/div><\/div>\n<\/div>\n<\/div>\n\n\n\n<div class=\"wp-block-uagb-container uagb-block-qenmmm1c\">\n<div class=\"wp-block-uagb-image alignleft uagb-block-nnfe0q3m wp-block-uagb-image--layout-default wp-block-uagb-image--effect-static wp-block-uagb-image--align-left\"><figure class=\"wp-block-uagb-image__figure\"><img loading=\"lazy\" decoding=\"async\" srcset=\"https:\/\/wn.umg.edu.pl\/nawigator\/wp-content\/uploads\/2023\/12\/PXL_20230513_093908083-1024x771.jpg ,https:\/\/wn.umg.edu.pl\/nawigator\/wp-content\/uploads\/2023\/12\/PXL_20230513_093908083-scaled.jpg 780w, https:\/\/wn.umg.edu.pl\/nawigator\/wp-content\/uploads\/2023\/12\/PXL_20230513_093908083-scaled.jpg 360w\" sizes=\"auto, (max-width: 480px) 150px\" src=\"https:\/\/wn.umg.edu.pl\/nawigator\/wp-content\/uploads\/2023\/12\/PXL_20230513_093908083-1024x771.jpg\" alt=\"\" class=\"uag-image-205\" width=\"384\" height=\"288\" title=\"\" loading=\"lazy\"\/><\/figure><\/div>\n\n\n\n<div class=\"wp-block-uagb-container uagb-block-py5auis8\">\n<div class=\"wp-block-uagb-info-box uagb-block-o7cj71rr uagb-infobox__content-wrap  uagb-infobox-icon-above-title uagb-infobox-image-valign-top\"><div class=\"uagb-ifb-content\"><div class=\"uagb-ifb-title-wrap\"><h4 class=\"uagb-ifb-title\">I\u0142awa S-57<\/h4><\/div><p class=\"uagb-ifb-desc\"><em>Tworzymy map\u0119 nawigacyjn\u0105 S-57 dla O\u015brodka Szkoleniowego w Kamionce<\/em><\/p><\/div><\/div>\n\n\n\n<div class=\"wp-block-uagb-buttons uagb-buttons__outer-wrap uagb-btn__default-btn uagb-btn-tablet__default-btn uagb-btn-mobile__default-btn uagb-block-udjcc5mk\"><div class=\"uagb-buttons__wrap uagb-buttons-layout-wrap\">\n<div class=\"wp-block-uagb-buttons-child uagb-buttons__outer-wrap uagb-block-vuounwpn wp-block-button\"><div class=\"uagb-button__wrapper\"><a class=\"uagb-buttons-repeater wp-block-button__link\" href=\"https:\/\/wn.umg.edu.pl\/nawigator\/dzialalnosc\/\" onclick=\"return true;\" rel=\"follow noopener\" target=\"_self\"><div class=\"uagb-button__link\">Dowiedz si\u0119 wi\u0119cej<\/div><span class=\"uagb-button__icon uagb-button__icon-position-after\"><svg xmlns=\"https:\/\/www.w3.org\/2000\/svg\" viewBox=\"0 0 320 512\"><path d=\"M96 480c-8.188 0-16.38-3.125-22.62-9.375c-12.5-12.5-12.5-32.75 0-45.25L242.8 256L73.38 86.63c-12.5-12.5-12.5-32.75 0-45.25s32.75-12.5 45.25 0l192 192c12.5 12.5 12.5 32.75 0 45.25l-192 192C112.4 476.9 104.2 480 96 480z\"><\/path><\/svg><\/span><\/a><\/div><\/div>\n<\/div><\/div>\n<\/div>\n<\/div>\n\n\n\n<div class=\"wp-block-uagb-container uagb-block-rlqp6gsz\">\n<div class=\"wp-block-uagb-image alignleft uagb-block-qee7vmw4 wp-block-uagb-image--layout-default wp-block-uagb-image--effect-static wp-block-uagb-image--align-left\"><figure class=\"wp-block-uagb-image__figure\"><img loading=\"lazy\" decoding=\"async\" srcset=\"https:\/\/wn.umg.edu.pl\/nawigator\/wp-content\/uploads\/2023\/12\/received_217733301153768-1024x527.jpeg ,https:\/\/wn.umg.edu.pl\/nawigator\/wp-content\/uploads\/2023\/12\/received_217733301153768.jpeg 780w, https:\/\/wn.umg.edu.pl\/nawigator\/wp-content\/uploads\/2023\/12\/received_217733301153768.jpeg 360w\" sizes=\"auto, (max-width: 480px) 150px\" src=\"https:\/\/wn.umg.edu.pl\/nawigator\/wp-content\/uploads\/2023\/12\/received_217733301153768-1024x527.jpeg\" alt=\"\" class=\"uag-image-215\" width=\"384\" height=\"288\" title=\"\" loading=\"lazy\"\/><\/figure><\/div>\n\n\n\n<div class=\"wp-block-uagb-container uagb-block-dlwknlbs\">\n<div class=\"wp-block-uagb-info-box uagb-block-ycorw2ik uagb-infobox__content-wrap  uagb-infobox-icon-above-title uagb-infobox-image-valign-top\"><div class=\"uagb-ifb-content\"><div class=\"uagb-ifb-title-wrap\"><h4 class=\"uagb-ifb-title\">BioHydroMeteo<\/h4><\/div><p class=\"uagb-ifb-desc\"><em>Zak\u0142adamy system informowania o warunkach w Porcie Gdynia &#8211; meteorologicznych, hydrologicznych i biologicznych<\/em><\/p><\/div><\/div>\n\n\n\n<div class=\"wp-block-uagb-buttons uagb-buttons__outer-wrap uagb-btn__default-btn uagb-btn-tablet__default-btn uagb-btn-mobile__default-btn uagb-block-fc9ybevt\"><div class=\"uagb-buttons__wrap uagb-buttons-layout-wrap\">\n<div class=\"wp-block-uagb-buttons-child uagb-buttons__outer-wrap uagb-block-pkxepbjn wp-block-button\"><div class=\"uagb-button__wrapper\"><a class=\"uagb-buttons-repeater wp-block-button__link\" href=\"https:\/\/wn.umg.edu.pl\/nawigator\/dzialalnosc\/\" onclick=\"return true;\" rel=\"follow noopener\" target=\"_self\"><div class=\"uagb-button__link\">Dowiedz si\u0119 wi\u0119cej<\/div><span class=\"uagb-button__icon uagb-button__icon-position-after\"><svg xmlns=\"https:\/\/www.w3.org\/2000\/svg\" viewBox=\"0 0 320 512\"><path d=\"M96 480c-8.188 0-16.38-3.125-22.62-9.375c-12.5-12.5-12.5-32.75 0-45.25L242.8 256L73.38 86.63c-12.5-12.5-12.5-32.75 0-45.25s32.75-12.5 45.25 0l192 192c12.5 12.5 12.5 32.75 0 45.25l-192 192C112.4 476.9 104.2 480 96 480z\"><\/path><\/svg><\/span><\/a><\/div><\/div>\n<\/div><\/div>\n<\/div>\n<\/div>\n<\/div>\n<\/div><\/div>\n\n\n\n<div class=\"wp-block-uagb-container uagb-block-mga9cuod alignfull uagb-is-root-container\"><div class=\"uagb-container-inner-blocks-wrap\">\n<div class=\"wp-block-uagb-container uagb-block-yhvkuyxx\">\n<div class=\"wp-block-uagb-info-box uagb-block-8ralxxgt uagb-infobox__content-wrap  uagb-infobox-icon-above-title uagb-infobox-image-valign-top\"><div class=\"uagb-ifb-content\"><div class=\"uagb-ifb-title-wrap\"><h2 class=\"uagb-ifb-title\">Chcesz wiedzie\u0107 wi\u0119cej?<\/h2><\/div><p class=\"uagb-ifb-desc\"><em>Je\u015bli chcesz uzyska\u0107 wi\u0119cej informacji, uczestniczy\u0107 w naszych projektach lub do\u0142\u0105czy\u0107 do fascynuj\u0105cej podr\u00f3\u017cy naukowej, skorzystaj z naszej zak\u0142adki &#8222;Kontakt&#8221;.<\/em><br><em>Czekamy na Twoje pytania, pomys\u0142y i zaanga\u017cowanie! Razem mo\u017cemy odkrywa\u0107 fascynuj\u0105cy \u015bwiat nawigacji morskiej.<\/em><\/p><\/div><\/div>\n<\/div>\n\n\n\n<div class=\"wp-block-uagb-container uagb-block-0h61r643\">\n<div class=\"wp-block-uagb-buttons uagb-buttons__outer-wrap uagb-btn__default-btn uagb-btn-tablet__default-btn uagb-btn-mobile__default-btn uagb-block-angptzq2\"><div class=\"uagb-buttons__wrap uagb-buttons-layout-wrap\">\n<div class=\"wp-block-uagb-buttons-child uagb-buttons__outer-wrap uagb-block-rkuhcbwn wp-block-button\"><div class=\"uagb-button__wrapper\"><a class=\"uagb-buttons-repeater wp-block-button__link\" href=\"https:\/\/wn.umg.edu.pl\/nawigator\/kontakt\/\" onclick=\"return true;\" rel=\"follow noopener\" target=\"_self\"><div class=\"uagb-button__link\">Kontakt<\/div><\/a><\/div><\/div>\n<\/div><\/div>\n<\/div>\n<\/div><\/div>\n\n\n\n<div class=\"wp-block-uagb-container uagb-block-8u2rsbho alignfull uagb-is-root-container\"><div class=\"uagb-container-inner-blocks-wrap\">\n<div class=\"wp-block-uagb-container uagb-block-umqwjdkg\">\n<div class=\"wp-block-uagb-info-box uagb-block-fan5lbsm uagb-infobox__content-wrap  uagb-infobox-icon-above-title uagb-infobox-image-valign-top\"><div class=\"uagb-ifb-content\"><div class=\"uagb-ifb-title-wrap\"><h2 class=\"uagb-ifb-title\"><strong>Sprawd\u017a Nasz Statu<\/strong>t<br><\/h2><\/div><\/div><\/div>\n<\/div>\n\n\n\n<div class=\"wp-block-uagb-container uagb-block-joz3ae7t\">\n<div class=\"wp-block-uagb-info-box uagb-block-jtkfx9cj uagb-infobox__content-wrap  uagb-infobox-icon-above-title uagb-infobox-image-valign-top\"><div class=\"uagb-ifb-content\"><div class=\"uagb-ifb-title-wrap\"><\/div><p class=\"uagb-ifb-desc\"><em>Chcemy, aby nasza wsp\u00f3\u0142praca by\u0142a klarowna i wzajemnie zrozumia\u0142a.<\/em><br><em>Przed do\u0142\u0105czeniem do naszej spo\u0142eczno\u015bci lub uczestnictwem w projektach, zach\u0119camy do przeczytania statutu Ko\u0142a. <\/em><br><em>Znajdziesz tam istotne informacje dotycz\u0105ce zasad, warto\u015bci oraz oczekiwa\u0144. Kliknij, aby dowiedzie\u0107 si\u0119 wi\u0119cej i by\u0107 dobrze przygotowanym do wsp\u00f3lnej przygody naukowej!<\/em><\/p><\/div><\/div>\n\n\n\n<div class=\"wp-block-uagb-buttons uagb-buttons__outer-wrap uagb-btn__default-btn uagb-btn-tablet__default-btn uagb-btn-mobile__default-btn uagb-block-0sgnugdb\"><div class=\"uagb-buttons__wrap uagb-buttons-layout-wrap\">\n<div class=\"wp-block-uagb-buttons-child uagb-buttons__outer-wrap uagb-block-7fe61018 wp-block-button uagb-block-7qp3kmwn\"><div class=\"uagb-button__wrapper\"><a class=\"uagb-buttons-repeater wp-block-button__link\" href=\"#\" onclick=\"return false;\" rel=\"follow noopener\" target=\"_self\"><div class=\"uagb-button__link\">Click Here<\/div><\/a><\/div><\/div>\n<\/div><\/div>\n<\/div>\n<\/div><\/div>\n","protected":false},"excerpt":{"rendered":"","protected":false},"author":1,"featured_media":0,"parent":0,"menu_order":0,"comment_status":"closed","ping_status":"closed","template":"","meta":{"_uag_custom_page_level_css":"","site-sidebar-layout":"no-sidebar","site-content-layout":"","ast-site-content-layout":"full-width-container","site-content-style":"default","site-sidebar-style":"default","ast-global-header-display":"","ast-banner-title-visibility":"disabled","ast-main-header-display":"","ast-hfb-above-header-display":"","ast-hfb-below-header-display":"","ast-hfb-mobile-header-display":"","site-post-title":"disabled","ast-breadcrumbs-content":"","ast-featured-img":"","footer-sml-layout":"","theme-transparent-header-meta":"","adv-header-id-meta":"","stick-header-meta":"","header-above-stick-meta":"","header-main-stick-meta":"","header-below-stick-meta":"","astra-migrate-meta-layouts":"default","ast-page-background-enabled":"default","ast-page-background-meta":{"desktop":{"background-color":"var(--ast-global-color-4)","background-image":"","background-repeat":"repeat","background-position":"center center","background-size":"auto","background-attachment":"scroll","background-type":"","background-media":"","overlay-type":"","overlay-color":"","overlay-gradient":""},"tablet":{"background-color":"","background-image":"","background-repeat":"repeat","background-position":"center center","background-size":"auto","background-attachment":"scroll","background-type":"","background-media":"","overlay-type":"","overlay-color":"","overlay-gradient":""},"mobile":{"background-color":"","background-image":"","background-repeat":"repeat","background-position":"center center","background-size":"auto","background-attachment":"scroll","background-type":"","background-media":"","overlay-type":"","overlay-color":"","overlay-gradient":""}},"ast-content-background-meta":{"desktop":{"background-color":"var(--ast-global-color-5)","background-image":"","background-repeat":"repeat","background-position":"center center","background-size":"auto","background-attachment":"scroll","background-type":"","background-media":"","overlay-type":"","overlay-color":"","overlay-gradient":""},"tablet":{"background-color":"var(--ast-global-color-5)","background-image":"","background-repeat":"repeat","background-position":"center center","background-size":"auto","background-attachment":"scroll","background-type":"","background-media":"","overlay-type":"","overlay-color":"","overlay-gradient":""},"mobile":{"background-color":"var(--ast-global-color-5)","background-image":"","background-repeat":"repeat","background-position":"center center","background-size":"auto","background-attachment":"scroll","background-type":"","background-media":"","overlay-type":"","overlay-color":"","overlay-gradient":""}},"footnotes":""},"class_list":["post-9","page","type-page","status-publish","hentry"],"uagb_featured_image_src":{"full":false,"thumbnail":false,"medium":false,"medium_large":false,"large":false,"1536x1536":false,"2048x2048":false},"uagb_author_info":{"display_name":"Administrator","author_link":"https:\/\/wn.umg.edu.pl\/nawigator\/author\/admin\/"},"uagb_comment_info":0,"uagb_excerpt":null,"_links":{"self":[{"href":"https:\/\/wn.umg.edu.pl\/nawigator\/wp-json\/wp\/v2\/pages\/9","targetHints":{"allow":["GET"]}}],"collection":[{"href":"https:\/\/wn.umg.edu.pl\/nawigator\/wp-json\/wp\/v2\/pages"}],"about":[{"href":"https:\/\/wn.umg.edu.pl\/nawigator\/wp-json\/wp\/v2\/types\/page"}],"author":[{"embeddable":true,"href":"https:\/\/wn.umg.edu.pl\/nawigator\/wp-json\/wp\/v2\/users\/1"}],"replies":[{"embeddable":true,"href":"https:\/\/wn.umg.edu.pl\/nawigator\/wp-json\/wp\/v2\/comments?post=9"}],"version-history":[{"count":43,"href":"https:\/\/wn.umg.edu.pl\/nawigator\/wp-json\/wp\/v2\/pages\/9\/revisions"}],"predecessor-version":[{"id":362,"href":"https:\/\/wn.umg.edu.pl\/nawigator\/wp-json\/wp\/v2\/pages\/9\/revisions\/362"}],"wp:attachment":[{"href":"https:\/\/wn.umg.edu.pl\/nawigator\/wp-json\/wp\/v2\/media?parent=9"}],"curies":[{"name":"wp","href":"https:\/\/api.w.org\/{rel}","templated":true}]}}